{"id":8174,"date":"2021-04-09T03:09:19","date_gmt":"2021-04-09T03:09:19","guid":{"rendered":"https:\/\/alcantara.pro.br\/site\/?page_id=8174"},"modified":"2024-07-29T19:57:31","modified_gmt":"2024-07-29T19:57:31","slug":"excel-2","status":"publish","type":"page","link":"https:\/\/alcantara.pro.br\/portal\/excel-2\/","title":{"rendered":"Excel"},"content":{"rendered":"\r\n<p><strong><span style=\"color: #008000;\">Sele\u00e7\u00e3o de sites e E-Books gratuitos com dicas para aumentar sua performance no uso do Excel<\/span><\/strong><\/p>\r\n\r\n\r\n\r\n\r\n\r\n<div id=\"ez-toc-container\" class=\"ez-toc-v2_0_82_2 counter-hierarchy ez-toc-counter ez-toc-grey ez-toc-container-direction\">\n<div class=\"ez-toc-title-container\">\n<p class=\"ez-toc-title\" style=\"cursor:inherit\">\u00cdndice<\/p>\n<span class=\"ez-toc-title-toggle\"><a href=\"#\" class=\"ez-toc-pull-right ez-toc-btn ez-toc-btn-xs ez-toc-btn-default ez-toc-toggle\" aria-label=\"Alternar tabela de conte\u00fado\"><span class=\"ez-toc-js-icon-con\"><span class=\"\"><span class=\"eztoc-hide\" style=\"display:none;\">Toggle<\/span><span class=\"ez-toc-icon-toggle-span\"><svg style=\"fill: #999;color:#999\" xmlns=\"http:\/\/www.w3.org\/2000\/svg\" class=\"list-377408\" width=\"20px\" height=\"20px\" viewBox=\"0 0 24 24\" fill=\"none\"><path d=\"M6 6H4v2h2V6zm14 0H8v2h12V6zM4 11h2v2H4v-2zm16 0H8v2h12v-2zM4 16h2v2H4v-2zm16 0H8v2h12v-2z\" fill=\"currentColor\"><\/path><\/svg><svg style=\"fill: #999;color:#999\" class=\"arrow-unsorted-368013\" xmlns=\"http:\/\/www.w3.org\/2000\/svg\" width=\"10px\" height=\"10px\" viewBox=\"0 0 24 24\" version=\"1.2\" baseProfile=\"tiny\"><path d=\"M18.2 9.3l-6.2-6.3-6.2 6.3c-.2.2-.3.4-.3.7s.1.5.3.7c.2.2.4.3.7.3h11c.3 0 .5-.1.7-.3.2-.2.3-.5.3-.7s-.1-.5-.3-.7zM5.8 14.7l6.2 6.3 6.2-6.3c.2-.2.3-.5.3-.7s-.1-.5-.3-.7c-.2-.2-.4-.3-.7-.3h-11c-.3 0-.5.1-.7.3-.2.2-.3.5-.3.7s.1.5.3.7z\"\/><\/svg><\/span><\/span><\/span><\/a><\/span><\/div>\n<nav><ul class='ez-toc-list ez-toc-list-level-1 ' ><li class='ez-toc-page-1 ez-toc-heading-level-3'><a class=\"ez-toc-link ez-toc-heading-1\" href=\"https:\/\/alcantara.pro.br\/portal\/excel-2\/#Sites_em_Portugues\" >Sites em Portugu\u00eas<\/a><\/li><li class='ez-toc-page-1 ez-toc-heading-level-3'><a class=\"ez-toc-link ez-toc-heading-2\" href=\"https:\/\/alcantara.pro.br\/portal\/excel-2\/#Sites_em_Ingles\" >Sites em Ingl\u00eas<\/a><\/li><li class='ez-toc-page-1 ez-toc-heading-level-3'><a class=\"ez-toc-link ez-toc-heading-3\" href=\"https:\/\/alcantara.pro.br\/portal\/excel-2\/#E-Books_gratuitos\" >E-Books gratuitos<\/a><ul class='ez-toc-list-level-4' ><li class='ez-toc-heading-level-4'><a class=\"ez-toc-link ez-toc-heading-4\" href=\"https:\/\/alcantara.pro.br\/portal\/excel-2\/#Como_criar_Planilhas_Eletronicas_de_alta_performance_atraves_de_um_planejamento_em_seis_etapas\" >Como criar Planilhas Eletr\u00f4nicas de alta performance atrav\u00e9s de um planejamento em seis etapas<\/a><\/li><li class='ez-toc-page-1 ez-toc-heading-level-4'><a class=\"ez-toc-link ez-toc-heading-5\" href=\"https:\/\/alcantara.pro.br\/portal\/excel-2\/#Como_deixar_os_numeros_negativos_entre_parenteses_em_duas_etapas\" >Como deixar os n\u00fameros negativos entre par\u00eanteses em duas etapas<\/a><\/li><\/ul><\/li><\/ul><\/nav><\/div>\n<h3 class=\"wp-block-heading\"><span class=\"ez-toc-section\" id=\"Sites_em_Portugues\"><\/span>Sites em Portugu\u00eas<span class=\"ez-toc-section-end\"><\/span><\/h3>\r\n\r\n\r\n\r\n<div class=\"wp-block-columns is-layout-flex wp-container-core-columns-is-layout-9d6595d7 wp-block-columns-is-layout-flex\">\r\n<div class=\"wp-block-column is-layout-flow wp-block-column-is-layout-flow\">\r\n<ul class=\"wp-block-list\">\r\n<li><a href=\"http:\/\/guiadoexcel.com.br\" target=\"_blank\" rel=\"noreferrer noopener\">Guia do E<\/a><a href=\"http:\/\/guiadoexcel.com.br\/category\/grafico\" target=\"_blank\" rel=\"noreferrer noopener\">xcel<\/a>\u00a0[TOP]<\/li>\r\n<li><a href=\"http:\/\/www.oficinadanet.com.br\/secao\/excel\" target=\"_blank\" rel=\"noreferrer noopener\">Oficina da Net<\/a>\u00a0[TOP]<\/li>\r\n<li><a href=\"http:\/\/www.escolaexcel.com.br\/\" target=\"_blank\" rel=\"noreferrer noopener\">Escola Excel<\/a>\u00a0[TOP]<\/li>\r\n<li><a href=\"https:\/\/exceleasy.com.br\/\" target=\"_blank\" rel=\"noopener\">Excel Easy<\/a>\u00a0[TOP]<\/li>\r\n<li><a href=\"http:\/\/www.tomasvasquez.com.br\/blog\/category\/microsoft-office\/excel\" target=\"_blank\" rel=\"noreferrer noopener\">Tomas Vasquez<\/a><\/li>\r\n<li><a href=\"http:\/\/www.saberexcel.com\/\" target=\"_blank\" rel=\"noreferrer noopener\">Saber Excel 1 (Assinantes)<\/a><\/li>\r\n<li><a href=\"http:\/\/www.microsoftexcel.com.br\/\" target=\"_blank\" rel=\"noreferrer noopener\">Saber Excel 2 (Gratuito)<\/a><\/li>\r\n<li><a href=\"http:\/\/office.microsoft.com\/pt-br\/excel-help\" target=\"_blank\" rel=\"noreferrer noopener\">Microsoft<\/a><\/li>\r\n<li><a href=\"http:\/\/excelmax.blogspot.com.br\/\" target=\"_blank\" rel=\"noreferrer noopener\">Excel Max<\/a><\/li>\r\n<li><a href=\"http:\/\/info.abril.com.br\/dicas\/escritorio\/planilhas\/\" target=\"_blank\" rel=\"noreferrer noopener\">Info Exame Planilhas<\/a><\/li>\r\n<li><a href=\"http:\/\/www.doutorplanilha.com.br\/\" target=\"_blank\" rel=\"noreferrer noopener\">Doutor Planilha<\/a><\/li>\r\n<li><a href=\"http:\/\/www.oficinadanet.com.br\/dicas\/excel\" target=\"_blank\" rel=\"noreferrer noopener\">Oficina da Net<\/a><\/li>\r\n<\/ul>\r\n<\/div>\r\n\r\n\r\n\r\n<div class=\"wp-block-column is-layout-flow wp-block-column-is-layout-flow\">\r\n<ul class=\"wp-block-list\">\r\n<li><a href=\"http:\/\/www.tecmundo.com.br\/excel\/\" target=\"_blank\" rel=\"noreferrer noopener\">Tec Mundo<\/a><\/li>\r\n<li><a href=\"http:\/\/www.ambienteoffice.com.br\/excel\/\" target=\"_blank\" rel=\"noreferrer noopener\">Ambiente Office \u2013 Excel<\/a><\/li>\r\n<li><a href=\"http:\/\/excelavancado.blogspot.com.br\/\" target=\"_blank\" rel=\"noreferrer noopener\">Excel Avan\u00e7ado \u2013 Exerc\u00edcios Gr\u00e1tis<\/a><\/li>\r\n<li><a href=\"http:\/\/topexcel.blogspot.com.br\/\" target=\"_blank\" rel=\"noreferrer noopener\">Top Excel<\/a><\/li>\r\n<li><a href=\"http:\/\/www.excelmais.blogspot.com.br\/\" target=\"_blank\" rel=\"noreferrer noopener\">Excel Mais<\/a><\/li>\r\n<li><a href=\"http:\/\/www.exceldoseujeito.com.br\/\" target=\"_blank\" rel=\"noreferrer noopener\">Excel do seu jeito<\/a><\/li>\r\n<li><a href=\"http:\/\/blog.planilhasexcel.com\/\" target=\"_blank\" rel=\"noreferrer noopener\">Planilhas Excel\u00a0<\/a><\/li>\r\n<li><a href=\"http:\/\/excelpratico.com\/\" target=\"_blank\" rel=\"noreferrer noopener\">Excel Pr\u00e1tico<\/a><\/li>\r\n<li><a href=\"http:\/\/www.ensinandoexcel.com.br\/\" target=\"_blank\" rel=\"noreferrer noopener\">Ensinando Excel<\/a><\/li>\r\n<li><a href=\"https:\/\/www.aprenderexcel.com.br\/\" target=\"_blank\" rel=\"noreferrer noopener\">Apender Excel<\/a><\/li>\r\n<\/ul>\r\n<\/div>\r\n<\/div>\r\n\r\n\r\n\r\n<h3 class=\"wp-block-heading\"><span class=\"ez-toc-section\" id=\"Sites_em_Ingles\"><\/span>Sites em Ingl\u00eas<span class=\"ez-toc-section-end\"><\/span><\/h3>\r\n\r\n\r\n\r\n<ul class=\"wp-block-list\">\r\n<li><a href=\"http:\/\/blogs.office.com\/b\/microsoft-excel\/\" target=\"_blank\" rel=\"noreferrer noopener\">Excel Blog<\/a>\u00a0[TOP]<\/li>\r\n<li><a href=\"http:\/\/spreadsheetpage.com\" target=\"_blank\" rel=\"noreferrer noopener\">The SpreedSheet Page<\/a>, by John Walkenbach\u00a0[TOP]<\/li>\r\n<li><a href=\"http:\/\/excel-tips.blogspot.com.br\/\" target=\"_blank\" rel=\"noreferrer noopener\">Excel Tips<\/a><\/li>\r\n<li><a href=\"http:\/\/www.cfo.com\/article.cfm\/11991574\" target=\"_blank\" rel=\"noreferrer noopener\">Spreadsheets: Free to Learn<\/a>\u00a0(Sele\u00e7\u00e3o de v\u00e1rios sites)<\/li>\r\n<\/ul>\r\n\r\n\r\n<hr class=\"wp-block-separator\" \/>\r\n\r\n\r\n<h3 class=\"wp-block-heading\"><span class=\"ez-toc-section\" id=\"E-Books_gratuitos\"><\/span>E-Books gratuitos<span class=\"ez-toc-section-end\"><\/span><\/h3>\r\n\r\n\r\n\r\n<h4 class=\"wp-block-heading\"><span class=\"ez-toc-section\" id=\"Como_criar_Planilhas_Eletronicas_de_alta_performance_atraves_de_um_planejamento_em_seis_etapas\"><\/span>Como criar Planilhas Eletr\u00f4nicas de alta performance atrav\u00e9s de um planejamento em seis etapas<span class=\"ez-toc-section-end\"><\/span><\/h4>\r\n\r\n\r\n\r\n<p>Este\u00a0e-book\u00a0cont\u00e9m seis etapas para criar Planilhas Eletr\u00f4nicas de alta performance<\/p>\r\n\r\n\r\n\r\n<ol class=\"wp-block-list\">\r\n<li>Objetivo da Planilha<\/li>\r\n<li>Usu\u00e1rios da Planilha<\/li>\r\n<li>Os dados que ser\u00e3o necess\u00e1rios<\/li>\r\n<li>Forma de coleta dos dados<\/li>\r\n<li>Como os resultados ser\u00e3o utilizados<\/li>\r\n<li>Escolhendo os recursos chave<\/li>\r\n<\/ol>\r\n\r\n\r\n\r\n<p>Clique <strong><a href=\"http:\/\/alcantara.pro.br\/portal\/wp-content\/uploads\/2019\/02\/e-book-DicasExcel-01-Projeto_AlexandreAlcantara.pdf\" target=\"_blank\" rel=\"noreferrer noopener\" data-type=\"URL\" data-id=\"http:\/\/alcantara.pro.br\/portal\/wp-content\/uploads\/2019\/02\/e-book-DicasExcel-01-Projeto_AlexandreAlcantara.pdf\">AQUI<\/a><\/strong> para baixar o E-Book<\/p>\r\n\r\n\r\n\r\n<h4 class=\"wp-block-heading\"><span class=\"ez-toc-section\" id=\"Como_deixar_os_numeros_negativos_entre_parenteses_em_duas_etapas\"><\/span>Como deixar os n\u00fameros negativos entre par\u00eanteses em duas etapas<span class=\"ez-toc-section-end\"><\/span><\/h4>\r\n\r\n\r\n\r\n<p>O padr\u00e3o do Excel \u00e9 apresentar os n\u00fameros negativos precedidos do sinal \u201c-\u201d (negativo ou menos), pois esta \u00e9 a configura\u00e7\u00e3o padr\u00e3o do sistema operacional do Windows. Por\u00e9m, alguns usu\u00e1rios gostariam de aprender como visualizar os n\u00fameros negativos entre par\u00eanteses. Com esta dica voc\u00ea vai aprender como habilitar este recurso de formata\u00e7\u00e3o em apenas duas etapas.<\/p>\r\n\r\n\r\n\r\n<p>Clique <strong><a href=\"https:\/\/alcantara.pro.br\/portal\/wp-content\/uploads\/2019\/03\/e-book-DicasExcel-02-SinalNegativoParenteses-1.pdf\" target=\"_blank\" rel=\"noreferrer noopener\" data-type=\"URL\" data-id=\"https:\/\/alcantara.pro.br\/portal\/wp-content\/uploads\/2019\/03\/e-book-DicasExcel-02-SinalNegativoParenteses-1.pdf\">AQUI<\/a><\/strong> para baixar o E-Book<\/p>\r\n","protected":false},"excerpt":{"rendered":"<p>Sele\u00e7\u00e3o de sites e E-Books gratuitos com dicas para aumentar sua performance no uso do<\/p>\n","protected":false},"author":1,"featured_media":0,"parent":0,"menu_order":0,"comment_status":"closed","ping_status":"closed","template":"","meta":{"footnotes":""},"class_list":["post-8174","page","type-page","status-publish","hentry"],"_links":{"self":[{"href":"https:\/\/alcantara.pro.br\/portal\/wp-json\/wp\/v2\/pages\/8174","targetHints":{"allow":["GET"]}}],"collection":[{"href":"https:\/\/alcantara.pro.br\/portal\/wp-json\/wp\/v2\/pages"}],"about":[{"href":"https:\/\/alcantara.pro.br\/portal\/wp-json\/wp\/v2\/types\/page"}],"author":[{"embeddable":true,"href":"https:\/\/alcantara.pro.br\/portal\/wp-json\/wp\/v2\/users\/1"}],"replies":[{"embeddable":true,"href":"https:\/\/alcantara.pro.br\/portal\/wp-json\/wp\/v2\/comments?post=8174"}],"version-history":[{"count":3,"href":"https:\/\/alcantara.pro.br\/portal\/wp-json\/wp\/v2\/pages\/8174\/revisions"}],"predecessor-version":[{"id":12608,"href":"https:\/\/alcantara.pro.br\/portal\/wp-json\/wp\/v2\/pages\/8174\/revisions\/12608"}],"wp:attachment":[{"href":"https:\/\/alcantara.pro.br\/portal\/wp-json\/wp\/v2\/media?parent=8174"}],"curies":[{"name":"wp","href":"https:\/\/api.w.org\/{rel}","templated":true}]}}