{"id":1613,"date":"2015-10-20T22:01:05","date_gmt":"2015-10-20T22:01:05","guid":{"rendered":"http:\/\/alcantara.pro.br\/portal\/?page_id=1613"},"modified":"2015-10-20T22:01:05","modified_gmt":"2015-10-20T22:01:05","slug":"autor","status":"publish","type":"page","link":"https:\/\/alcantara.pro.br\/portal\/autor\/","title":{"rendered":"SOBRE"},"content":{"rendered":"\n\n\n<ul class=\"wp-block-list\">\n<li>Mestre em Desenvolvimento Regional e Meio Ambiente (2014 \u2013 <a href=\"http:\/\/www.uesc.br\/cursos\/pos_graduacao\/mestrado\/mdrma\/\" target=\"_blank\" rel=\"noreferrer noopener\">UESC<\/a> \u2013 Ilh\u00e9us \u2013 BA)<\/li>\n<li>P\u00f3s-Graduado em Gest\u00e3o Tribut\u00e1ria (2002 \u2013 <a href=\"http:\/\/www.unifacs.br\/\" target=\"_blank\" rel=\"noreferrer noopener\">UNIFACS<\/a> -Salvador \u2013 BA)<\/li>\n<li>P\u00f3s-Graduado em Direito Tribut\u00e1rio (2001 \u2013 <a href=\"http:\/\/www.fundacaodireito.net\/\" target=\"_blank\" rel=\"noreferrer noopener\">UFBA<\/a> \u2013 Salvador \u2013 BA)<\/li>\n<li>Aperfei\u00e7oamento em Metodologia do Ensino Superior (2000 &#8211; <a href=\"http:\/\/www.uesc.br\" target=\"_blank\" rel=\"noreferrer noopener\">UESC<\/a> &#8211; Ilh\u00e9us &#8211; BA)<\/li>\n<li>Bacharel em Ci\u00eancias Cont\u00e1beis (1984 \u2013 <a href=\"http:\/\/www.cairu.br\/\" target=\"_blank\" rel=\"noreferrer noopener\">Funda\u00e7\u00e3o Visconde de Cair\u00fa<\/a> \u2013 Salvador \u2013 BA)<\/li>\n<li><strong>Curr\u00edculo Lattes<\/strong>: <a href=\"http:\/\/lattes.cnpq.br\/8568828903640681\" target=\"_blank\" rel=\"noopener\">http:\/\/lattes.cnpq.br\/8568828903640681<\/a><\/li>\n<\/ul>\n<ul id=\"block-038df958-efce-4106-989b-dbeb0dd6bb45\"><\/ul>\n<p>\n\n<\/p>\n<hr class=\"wp-block-separator\" \/>\n<p>\n\n<\/p>\n<div id=\"ez-toc-container\" class=\"ez-toc-v2_0_82_2 counter-hierarchy ez-toc-counter ez-toc-grey ez-toc-container-direction\">\n<div class=\"ez-toc-title-container\">\n<p class=\"ez-toc-title\" style=\"cursor:inherit\">\u00cdndice<\/p>\n<span class=\"ez-toc-title-toggle\"><a href=\"#\" class=\"ez-toc-pull-right ez-toc-btn ez-toc-btn-xs ez-toc-btn-default ez-toc-toggle\" aria-label=\"Alternar tabela de conte\u00fado\"><span class=\"ez-toc-js-icon-con\"><span class=\"\"><span class=\"eztoc-hide\" style=\"display:none;\">Toggle<\/span><span class=\"ez-toc-icon-toggle-span\"><svg style=\"fill: #999;color:#999\" xmlns=\"http:\/\/www.w3.org\/2000\/svg\" class=\"list-377408\" width=\"20px\" height=\"20px\" viewBox=\"0 0 24 24\" fill=\"none\"><path d=\"M6 6H4v2h2V6zm14 0H8v2h12V6zM4 11h2v2H4v-2zm16 0H8v2h12v-2zM4 16h2v2H4v-2zm16 0H8v2h12v-2z\" fill=\"currentColor\"><\/path><\/svg><svg style=\"fill: #999;color:#999\" class=\"arrow-unsorted-368013\" xmlns=\"http:\/\/www.w3.org\/2000\/svg\" width=\"10px\" height=\"10px\" viewBox=\"0 0 24 24\" version=\"1.2\" baseProfile=\"tiny\"><path d=\"M18.2 9.3l-6.2-6.3-6.2 6.3c-.2.2-.3.4-.3.7s.1.5.3.7c.2.2.4.3.7.3h11c.3 0 .5-.1.7-.3.2-.2.3-.5.3-.7s-.1-.5-.3-.7zM5.8 14.7l6.2 6.3 6.2-6.3c.2-.2.3-.5.3-.7s-.1-.5-.3-.7c-.2-.2-.4-.3-.7-.3h-11c-.3 0-.5.1-.7.3-.2.2-.3.5-.3.7s.1.5.3.7z\"\/><\/svg><\/span><\/span><\/span><\/a><\/span><\/div>\n<nav><ul class='ez-toc-list ez-toc-list-level-1 ' ><li class='ez-toc-page-1 ez-toc-heading-level-2'><a class=\"ez-toc-link ez-toc-heading-1\" href=\"https:\/\/alcantara.pro.br\/portal\/autor\/#Obras_publicadas\" >Obras publicadas<\/a><\/li><li class='ez-toc-page-1 ez-toc-heading-level-2'><a class=\"ez-toc-link ez-toc-heading-2\" href=\"https:\/\/alcantara.pro.br\/portal\/autor\/#Entidades_Associadas\" >Entidades Associadas<\/a><\/li><li class='ez-toc-page-1 ez-toc-heading-level-2'><a class=\"ez-toc-link ez-toc-heading-3\" href=\"https:\/\/alcantara.pro.br\/portal\/autor\/#Titulos_e_Premios\" >T\u00edtulos e Pr\u00eamios<\/a><\/li><li class='ez-toc-page-1 ez-toc-heading-level-2'><a class=\"ez-toc-link ez-toc-heading-4\" href=\"https:\/\/alcantara.pro.br\/portal\/autor\/#Experiencia_Profissional\" >Experi\u00eancia Profissional<\/a><\/li><li class='ez-toc-page-1 ez-toc-heading-level-2'><a class=\"ez-toc-link ez-toc-heading-5\" href=\"https:\/\/alcantara.pro.br\/portal\/autor\/#Experiencia_Docente\" >Experi\u00eancia Docente<\/a><\/li><li class='ez-toc-page-1 ez-toc-heading-level-2'><a class=\"ez-toc-link ez-toc-heading-6\" href=\"https:\/\/alcantara.pro.br\/portal\/autor\/#Eventos_Academicos_Organizados\" >Eventos Acad\u00eamicos Organizados<\/a><\/li><li class='ez-toc-page-1 ez-toc-heading-level-2'><a class=\"ez-toc-link ez-toc-heading-7\" href=\"https:\/\/alcantara.pro.br\/portal\/autor\/#Outras_experiencias_acumuladas\" >Outras experi\u00eancias acumuladas<\/a><\/li><\/ul><\/nav><\/div>\n<h2 class=\"wp-block-heading\"><span class=\"ez-toc-section\" id=\"Obras_publicadas\"><\/span>Obras publicadas<span class=\"ez-toc-section-end\"><\/span><\/h2>\n<p>\n\n<\/p>\n<ul class=\"wp-block-list\">\n<li><a href=\"https:\/\/www.amazon.com.br\/dp\/8597011998\/ref=as_sl_pc_qf_sp_asin_til?tag=vendalivros-20&amp;linkCode=w00&amp;linkId=8670d634ef3ad315e953b4aad78eb883&amp;creativeASIN=8597011998\" target=\"_blank\" rel=\"noopener\">Estrutura, an\u00e1lise e interpreta\u00e7\u00e3o das demonstra\u00e7\u00f5es cont\u00e1beis<\/a> (5\u00aa edi\u00e7\u00e3o, Atlas, 2017 \u2013 2\u00aa tiragem 2019).<\/li>\n<li><a href=\"https:\/\/www.amazon.com.br\/dp\/8536279400\/ref=as_sl_pc_qf_sp_asin_til?tag=vendalivros-20&amp;linkCode=w00&amp;linkId=9b39b57d5f097f16f4cb6be6095b8c25&amp;creativeASIN=8536279400\" target=\"_blank\" rel=\"noopener\">Fraudes cont\u00e1beis: repercuss\u00f5es tribut\u00e1rias, enfoque no ICMS<\/a> (Editora Juru\u00e1, 2018)<\/li>\n<li><a href=\"https:\/\/www.amazon.com.br\/dp\/B08RQ92PB8\/ref=as_sl_pc_qf_sp_asin_til?tag=vendalivros-20&amp;linkCode=w00&amp;linkId=64756897f030ceed7b6e72d4ad480922&amp;creativeASIN=B08RQ92PB8\" target=\"_blank\" rel=\"noopener\">Princ\u00edpios de An\u00e1lise de Balan\u00e7os<\/a>. E-book, Amazon: 2019<\/li>\n<li><a href=\"https:\/\/www.amazon.com.br\/dp\/B09N44P5VM\/ref=as_sl_pc_as_ss_li_til?tag=vendalivros-20&amp;linkCode=w00&amp;linkId=d8675df1df90b5efc903e0ecff25d5e7&amp;creativeASIN=B09N44P5VM\" target=\"_blank\" rel=\"noopener\">Decis\u00f5es Administrativas e Judiciais sobre Fraudes Cont\u00e1beis com Repercuss\u00e3o Tribut\u00e1ria<\/a>: Foco especial no ICMS. E-book, Amazon: 2021.<\/li>\n<li><a href=\"https:\/\/www.amazon.com.br\/dp\/B08RR1KJ56\/ref=as_sl_pc_qf_sp_asin_til?tag=vendalivros-20&amp;linkCode=w00&amp;linkId=b705feb9f9d28abcbe99fa6321996820&amp;creativeASIN=B08RR1KJ56\" target=\"_blank\" rel=\"noopener\">Pol\u00edticas p\u00fablicas e seus efeitos sobre o crescimento da cotonicultura baiana<\/a>: O programa de incentivo de ICMS atrav\u00e9s do PROALBA. E-book, Amazon: 2021.<\/li>\n<\/ul>\n\n\n<hr class=\"wp-block-separator\" \/>\n\n\n<h2 class=\"wp-block-heading\"><span class=\"ez-toc-section\" id=\"Entidades_Associadas\"><\/span>Entidades Associadas<span class=\"ez-toc-section-end\"><\/span><\/h2>\n<ul>\n<li>Associa\u00e7\u00e3o Brasileira de Educa\u00e7\u00e3o a Dist\u00e2ncia (<a href=\"http:\/\/www.abed.org.br\/site\/pt\/\" target=\"_blank\" rel=\"noopener\">ABED<\/a>) &#8211; Associado desde 2013<\/li>\n<li>Academia Sergipana de Ci\u00eancias Cont\u00e1beis (<a href=\"https:\/\/academiaseccontabeis.com.br\/\" target=\"_blank\" rel=\"noopener\">ASCC<\/a>) &#8211; Acad\u00eamico correspondente desde 11.2017 (Cadeira 04)<\/li>\n<li>Instituto dos Auditores Fiscais do Estado da Bahia (<a href=\"https:\/\/iaf.org.br\/\" target=\"_blank\" rel=\"noopener\">IAF<\/a>) &#8211; Membro efetivo do Conselho Fiscal de 2016 a 2021.<\/li>\n<\/ul>\n<hr \/>\n<h2><span class=\"ez-toc-section\" id=\"Titulos_e_Premios\"><\/span>T\u00edtulos e Pr\u00eamios<span class=\"ez-toc-section-end\"><\/span><\/h2>\n<p>\n\n<\/p>\n<ul class=\"wp-block-list\">\n<li>Medalha de Honra ao M\u00e9rito a Ci\u00eancia Cont\u00e1bil: Acad\u00eamico Jos\u00e9 Amado Nascimento, Academia Sergipana de Ci\u00eancias Cont\u00e1beis &#8211; ASCC (2017)<\/li>\n<li>3\u00ba Pr\u00eamio Funda\u00e7\u00e3o Luis Eduardo Magalh\u00e3es (2000) &#8211; Projeto premiado: Rede Colaborativa de Conhecimento<\/li>\n<\/ul>\n<hr \/>\n<h2><span class=\"ez-toc-section\" id=\"Experiencia_Profissional\"><\/span>Experi\u00eancia Profissional<span class=\"ez-toc-section-end\"><\/span><\/h2>\n\n\n\n<p><strong>Atua\u00e7\u00e3o atual<\/strong><\/p>\n<ul class=\"wp-block-list\">\n<li>Contador registrado no CRC &#8211; Bahia<\/li>\n<li>Perito Judicial na \u00e1rea Cont\u00e1bil, com registro no Conselho Federal de Contabilidade<\/li>\n<li>Professor convidado em Cursos de MBA de v\u00e1rias Institui\u00e7\u00f5es de Ensino Superior (vide detalhes em t\u00f3pico seguinte)<\/li>\n<li>Elabora pareceres na \u00e1rea de An\u00e1lise de Balan\u00e7os com foco gerencial<\/li>\n<li>Consultor em administra\u00e7\u00e3o tribut\u00e1ria com foco em auditoria cont\u00e1bil<\/li>\n<li>Ministra treinamento <em>inCompany<\/em> sobre <strong>Auditoria cont\u00e1bil<\/strong> com vistas a recupera\u00e7\u00e3o de cr\u00e9dito tribut\u00e1rio, destinado \u00e0 equipes de auditoria de adminstra\u00e7\u00f5es trubut\u00e1rias estaduais e municipais<\/li>\n<li>Desenvolve conte\u00fados para plataformas de Ensino \u00e0 Dist\u00e2ncia, especialmente em ambiente Moodle.<\/li>\n<li>Realiza Cursos voltados para profissionais liberais, empresas e faculdades nas seguintes \u00e1reas:\n<ul>\n<li>Contabilidade Tribut\u00e1ria<\/li>\n<li>Direito Tribut\u00e1rio Estadual (ICMS e ITCMD)<\/li>\n<li>Sistema P\u00fablico de Escritura\u00e7\u00e3o Digital (SPED), com foco na Escritura\u00e7\u00e3o Cont\u00e1bil Digital<\/li>\n<\/ul>\n<\/li>\n<\/ul>\n\n\n<hr class=\"wp-block-separator\" \/>\n\n\n<h2 class=\"wp-block-heading\"><span class=\"ez-toc-section\" id=\"Experiencia_Docente\"><\/span>Experi\u00eancia Docente<span class=\"ez-toc-section-end\"><\/span><\/h2>\n\n\n\n<ul class=\"wp-block-list\">\n<li>Professor em diversos cursos de MBA, ministrando aulas nas seguintes \u00e1reas:\n<ul>\n<li>An\u00e1lise de Balan\u00e7o<\/li>\n<li>Contabilidade Tribut\u00e1ria<\/li>\n<li>Direito Tribut\u00e1rio<\/li>\n<li>Gest\u00e3o Ambiental<\/li>\n<li>Metodologia da Pesquisa Cient\u00edfica<\/li>\n<li>Metodologia do Ensino Superior<\/li>\n<\/ul>\n<\/li>\n<li><strong>Institui\u00e7\u00f5es de Ensino atuais<\/strong>\n<ul>\n<li>IPOG &#8211; Instituto de P\u00f3s-gradua\u00e7\u00e3o e Gradua\u00e7\u00e3o (Goi\u00e2nia &#8211; GO)\n<ul>\n<li>Atua como professor convidado em cursos de MBA desde 2018<\/li>\n<\/ul>\n<\/li>\n<li>EBP\u00d3S &#8211; Escola Brasileira de P\u00f3s-Gradua\u00e7\u00e3o (Goi\u00e2nia &#8211; GO)\n<ul>\n<li>Atua como professor convidado em cursos de MBA desde 2021<\/li>\n<\/ul>\n<\/li>\n<li>FASU &#8211; Faculdade <em>Sudoeste e UNIGRAD (Vit\u00f3ria da Conquista \u2013 BA)<\/em>\n<ul>\n<li>Atua como professor convidado em cursos de MBA desde 2004<\/li>\n<li>Coordenou Curso de Especializa\u00e7\u00e3o em Planejamento e Gest\u00e3o Tribut\u00e1ria<\/li>\n<\/ul>\n<\/li>\n<\/ul>\n<\/li>\n<li><strong>Institui\u00e7\u00f5es de Ensino anteriores<\/strong>\n<ul>\n<li>FAINOR \u2013 Faculdade Independente do Nordeste (2004-2011 \u2013 Vit\u00f3ria da Conquista \u2013 BA)\n<ul>\n<li style=\"list-style-type: none;\">\n<ul>\n<li>Curso: Ci\u00eancias Cont\u00e1beis<\/li>\n<li>Disciplinas: An\u00e1lise das Demonstra\u00e7\u00f5es Cont\u00e1beis e TCC \u2013 Trabalho de Conclus\u00e3o de Cursos.<\/li>\n<\/ul>\n<\/li>\n<\/ul>\n<\/li>\n<li>Faculdade Guanambi (Guanambi e Vit\u00f3ria da Conquista \u2013 BA)\n<ul>\n<li>Atuou como professor convidado em cursos de MBA desde 2018<\/li>\n<\/ul>\n<\/li>\n<li>JTS \u2013 Faculdade Juv\u00eancio Terra (2003 \u2013 Vit\u00f3ria da Conquista \u2013 BA)\n<ul>\n<li style=\"list-style-type: none;\">\n<ul>\n<li>Curso: Administra\u00e7\u00e3o<\/li>\n<li>Disciplina: Administra\u00e7\u00e3o Financeira.<\/li>\n<\/ul>\n<\/li>\n<\/ul>\n<\/li>\n<\/ul>\n<\/li>\n<\/ul>\n<hr \/>\n<h2><span class=\"ez-toc-section\" id=\"Eventos_Academicos_Organizados\"><\/span>Eventos Acad\u00eamicos Organizados<span class=\"ez-toc-section-end\"><\/span><\/h2>\n<ul id=\"block-038df958-efce-4106-989b-dbeb0dd6bb45\">\n<li>Membro da equipe de Coordena\u00e7\u00e3o do III Congresso de Contabilidade do Sudoeste da Bahia (Vit\u00f3ria da Conquista &#8211; BA &#8211; 2010)<\/li>\n<li>Coordenador Geral do II Congresso de Contabilidade do Sudoeste da Bahia (Vit\u00f3ria da Conquista &#8211; BA &#8211; 2009)<\/li>\n<li>Coordenador Geral do I Congresso de Contabilidade do Sudoeste da Bahia (Vit\u00f3ria da Conquista &#8211; BA &#8211; 2008)<\/li>\n<\/ul>\n\n\n<hr class=\"wp-block-separator\" \/>\n\n\n\n\n<h2 class=\"wp-block-heading\"><span class=\"ez-toc-section\" id=\"Outras_experiencias_acumuladas\"><\/span><strong>Outras experi\u00eancias acumuladas<\/strong><span class=\"ez-toc-section-end\"><\/span><\/h2>\n<ul>\n<li>Auditor Fiscal concursado aposentado da\u00a0<a href=\"http:\/\/www.sefaz.ba.gov.br\/\" target=\"_blank\" rel=\"noreferrer noopener\" data-type=\"URL\" data-id=\"http:\/\/www.sefaz.ba.gov.br\/\">Secretaria da Fazenda do Estado da Bahia<\/a> (03.1987 &#8211; 04.2022)<br \/>\n<ul>\n<li>Exerceu atividade de auditoria fiscal e cont\u00e1bil junto aos contribuintes de grande porte do ICMS;<\/li>\n<li>Coordenou\u00a0o Projeto de Auditoria Fiscal Cont\u00e1bil Digital, no \u00e2mbito da SEFAZ Bahia (Subprojeto do SEFAZ Online);<\/li>\n<li>Representou a SEFAZ Bahia junto ao Encontro Nacional dos Coordenadores e Administradores Tribut\u00e1rios Estaduais (ENCAT), coordenando\u00a0 o Grupo de Trabalho Nacional de Auditoria Fiscal Cont\u00e1bil Digital do ENCAT (2017-2022);<\/li>\n<li>Integrou o quadro de instrutores internos da SEFAZ Bahia;<\/li>\n<li>Desenvolveu conte\u00fados para os cursos para a plataforma de ensino a dist\u00e2ncia da Universidade Corporativa do Servidor P\u00fablico \u2013 Unidade SEFAZ\/Bahia e Escola de Gest\u00e3o Fazend\u00e1ria da SEFAZ Tocantins;<\/li>\n<li>Desenvolveu pesquisas nas seguintes \u00e1reas: Auditoria Fisco-Cont\u00e1bil, Fraudes Cont\u00e1beis, Escritura\u00e7\u00e3o Cont\u00e1bil Digital;<\/li>\n<li>Ocupou o cargo de Inspetor Fazend\u00e1rio em v\u00e1rias Inspetorias Fazend\u00e1rias;<\/li>\n<li>Foi membro da equipe de elabora\u00e7\u00e3o e implanta\u00e7\u00e3o do Sistema de Rotinas e Procedimentos das Inspetorias Fazend\u00e1rias (PRS, atual PRI);<\/li>\n<li>Integrou a equipe de gest\u00e3o e implanta\u00e7\u00e3o da Escritura\u00e7\u00e3o Cont\u00e1bil Digital, um dos subprogramas do SPED, como representante da SEFAZ\/Bahia;<\/li>\n<\/ul>\n<\/li>\n<li>Contador Aut\u00f4nomo (12.1984-02.1986 \u2013 Salvador \u2013 BA)<\/li>\n<li><a href=\"http:\/\/www.ey.com.br\/\" target=\"_blank\" rel=\"noreferrer noopener\" data-type=\"URL\" data-id=\"http:\/\/www.ey.com.br\/\">Ernst &amp; Young<\/a> (1982-1984 \u2013 Salvador \u2013 BA)\n<ul>\n<li>Cargo: Auditor Assistente<\/li>\n<\/ul>\n<\/li>\n<\/ul>\n\n\n","protected":false},"excerpt":{"rendered":"<p>Mestre em Desenvolvimento Regional e Meio Ambiente (2014 \u2013 UESC \u2013 Ilh\u00e9us \u2013 BA) P\u00f3s-Graduado<\/p>\n","protected":false},"author":1,"featured_media":8218,"parent":0,"menu_order":0,"comment_status":"closed","ping_status":"closed","template":"","meta":{"footnotes":""},"class_list":["post-1613","page","type-page","status-publish","has-post-thumbnail","hentry"],"yoast_head":"<!-- This site is optimized with the Yoast SEO plugin v27.5 - https:\/\/yoast.com\/product\/yoast-seo-wordpress\/ -->\n<title>SOBRE - Prof. Alexandre Alcantara<\/title>\n<meta name=\"robots\" content=\"index, follow, max-snippet:-1, max-image-preview:large, max-video-preview:-1\" \/>\n<link rel=\"canonical\" href=\"https:\/\/alcantara.pro.br\/portal\/autor\/\" \/>\n<meta property=\"og:locale\" content=\"pt_BR\" \/>\n<meta property=\"og:type\" content=\"article\" \/>\n<meta property=\"og:title\" content=\"SOBRE - Prof. Alexandre Alcantara\" \/>\n<meta property=\"og:description\" content=\"Mestre em Desenvolvimento Regional e Meio Ambiente (2014 \u2013 UESC \u2013 Ilh\u00e9us \u2013 BA) P\u00f3s-Graduado\" \/>\n<meta property=\"og:url\" content=\"https:\/\/alcantara.pro.br\/portal\/autor\/\" \/>\n<meta property=\"og:site_name\" content=\"Prof. Alexandre Alcantara\" \/>\n<meta name=\"twitter:card\" content=\"summary_large_image\" \/>\n<meta name=\"twitter:label1\" content=\"Est. tempo de leitura\" \/>\n\t<meta name=\"twitter:data1\" content=\"4 minutos\" \/>\n<script type=\"application\/ld+json\" class=\"yoast-schema-graph\">{\"@context\":\"https:\\\/\\\/schema.org\",\"@graph\":[{\"@type\":\"WebPage\",\"@id\":\"https:\\\/\\\/alcantara.pro.br\\\/portal\\\/autor\\\/\",\"url\":\"https:\\\/\\\/alcantara.pro.br\\\/portal\\\/autor\\\/\",\"name\":\"SOBRE - Prof. Alexandre Alcantara\",\"isPartOf\":{\"@id\":\"https:\\\/\\\/alcantara.pro.br\\\/portal\\\/#website\"},\"primaryImageOfPage\":{\"@id\":\"https:\\\/\\\/alcantara.pro.br\\\/portal\\\/autor\\\/#primaryimage\"},\"image\":{\"@id\":\"https:\\\/\\\/alcantara.pro.br\\\/portal\\\/autor\\\/#primaryimage\"},\"thumbnailUrl\":\"\",\"datePublished\":\"2015-10-20T22:01:05+00:00\",\"breadcrumb\":{\"@id\":\"https:\\\/\\\/alcantara.pro.br\\\/portal\\\/autor\\\/#breadcrumb\"},\"inLanguage\":\"pt-BR\",\"potentialAction\":[{\"@type\":\"ReadAction\",\"target\":[\"https:\\\/\\\/alcantara.pro.br\\\/portal\\\/autor\\\/\"]}]},{\"@type\":\"ImageObject\",\"inLanguage\":\"pt-BR\",\"@id\":\"https:\\\/\\\/alcantara.pro.br\\\/portal\\\/autor\\\/#primaryimage\",\"url\":\"\",\"contentUrl\":\"\"},{\"@type\":\"BreadcrumbList\",\"@id\":\"https:\\\/\\\/alcantara.pro.br\\\/portal\\\/autor\\\/#breadcrumb\",\"itemListElement\":[{\"@type\":\"ListItem\",\"position\":1,\"name\":\"In\u00edcio\",\"item\":\"https:\\\/\\\/alcantara.pro.br\\\/portal\\\/\"},{\"@type\":\"ListItem\",\"position\":2,\"name\":\"SOBRE\"}]},{\"@type\":\"WebSite\",\"@id\":\"https:\\\/\\\/alcantara.pro.br\\\/portal\\\/#website\",\"url\":\"https:\\\/\\\/alcantara.pro.br\\\/portal\\\/\",\"name\":\"Prof. Alexandre Alcantara\",\"description\":\"\",\"publisher\":{\"@id\":\"https:\\\/\\\/alcantara.pro.br\\\/portal\\\/#\\\/schema\\\/person\\\/638376dc60edb285cf5914ea02e73975\"},\"potentialAction\":[{\"@type\":\"SearchAction\",\"target\":{\"@type\":\"EntryPoint\",\"urlTemplate\":\"https:\\\/\\\/alcantara.pro.br\\\/portal\\\/?s={search_term_string}\"},\"query-input\":{\"@type\":\"PropertyValueSpecification\",\"valueRequired\":true,\"valueName\":\"search_term_string\"}}],\"inLanguage\":\"pt-BR\"},{\"@type\":[\"Person\",\"Organization\"],\"@id\":\"https:\\\/\\\/alcantara.pro.br\\\/portal\\\/#\\\/schema\\\/person\\\/638376dc60edb285cf5914ea02e73975\",\"name\":\"Alexandre Alcantara\",\"image\":{\"@type\":\"ImageObject\",\"inLanguage\":\"pt-BR\",\"@id\":\"https:\\\/\\\/alcantara.pro.br\\\/portal\\\/wp-content\\\/uploads\\\/2025\\\/06\\\/cropped-logo-quadrada-nova-1.png\",\"url\":\"https:\\\/\\\/alcantara.pro.br\\\/portal\\\/wp-content\\\/uploads\\\/2025\\\/06\\\/cropped-logo-quadrada-nova-1.png\",\"contentUrl\":\"https:\\\/\\\/alcantara.pro.br\\\/portal\\\/wp-content\\\/uploads\\\/2025\\\/06\\\/cropped-logo-quadrada-nova-1.png\",\"width\":512,\"height\":512,\"caption\":\"Alexandre Alcantara\"},\"logo\":{\"@id\":\"https:\\\/\\\/alcantara.pro.br\\\/portal\\\/wp-content\\\/uploads\\\/2025\\\/06\\\/cropped-logo-quadrada-nova-1.png\"}}]}<\/script>\n<!-- \/ Yoast SEO plugin. -->","yoast_head_json":{"title":"SOBRE - Prof. Alexandre Alcantara","robots":{"index":"index","follow":"follow","max-snippet":"max-snippet:-1","max-image-preview":"max-image-preview:large","max-video-preview":"max-video-preview:-1"},"canonical":"https:\/\/alcantara.pro.br\/portal\/autor\/","og_locale":"pt_BR","og_type":"article","og_title":"SOBRE - Prof. Alexandre Alcantara","og_description":"Mestre em Desenvolvimento Regional e Meio Ambiente (2014 \u2013 UESC \u2013 Ilh\u00e9us \u2013 BA) P\u00f3s-Graduado","og_url":"https:\/\/alcantara.pro.br\/portal\/autor\/","og_site_name":"Prof. Alexandre Alcantara","twitter_card":"summary_large_image","twitter_misc":{"Est. tempo de leitura":"4 minutos"},"schema":{"@context":"https:\/\/schema.org","@graph":[{"@type":"WebPage","@id":"https:\/\/alcantara.pro.br\/portal\/autor\/","url":"https:\/\/alcantara.pro.br\/portal\/autor\/","name":"SOBRE - Prof. Alexandre Alcantara","isPartOf":{"@id":"https:\/\/alcantara.pro.br\/portal\/#website"},"primaryImageOfPage":{"@id":"https:\/\/alcantara.pro.br\/portal\/autor\/#primaryimage"},"image":{"@id":"https:\/\/alcantara.pro.br\/portal\/autor\/#primaryimage"},"thumbnailUrl":"","datePublished":"2015-10-20T22:01:05+00:00","breadcrumb":{"@id":"https:\/\/alcantara.pro.br\/portal\/autor\/#breadcrumb"},"inLanguage":"pt-BR","potentialAction":[{"@type":"ReadAction","target":["https:\/\/alcantara.pro.br\/portal\/autor\/"]}]},{"@type":"ImageObject","inLanguage":"pt-BR","@id":"https:\/\/alcantara.pro.br\/portal\/autor\/#primaryimage","url":"","contentUrl":""},{"@type":"BreadcrumbList","@id":"https:\/\/alcantara.pro.br\/portal\/autor\/#breadcrumb","itemListElement":[{"@type":"ListItem","position":1,"name":"In\u00edcio","item":"https:\/\/alcantara.pro.br\/portal\/"},{"@type":"ListItem","position":2,"name":"SOBRE"}]},{"@type":"WebSite","@id":"https:\/\/alcantara.pro.br\/portal\/#website","url":"https:\/\/alcantara.pro.br\/portal\/","name":"Prof. Alexandre Alcantara","description":"","publisher":{"@id":"https:\/\/alcantara.pro.br\/portal\/#\/schema\/person\/638376dc60edb285cf5914ea02e73975"},"potentialAction":[{"@type":"SearchAction","target":{"@type":"EntryPoint","urlTemplate":"https:\/\/alcantara.pro.br\/portal\/?s={search_term_string}"},"query-input":{"@type":"PropertyValueSpecification","valueRequired":true,"valueName":"search_term_string"}}],"inLanguage":"pt-BR"},{"@type":["Person","Organization"],"@id":"https:\/\/alcantara.pro.br\/portal\/#\/schema\/person\/638376dc60edb285cf5914ea02e73975","name":"Alexandre Alcantara","image":{"@type":"ImageObject","inLanguage":"pt-BR","@id":"https:\/\/alcantara.pro.br\/portal\/wp-content\/uploads\/2025\/06\/cropped-logo-quadrada-nova-1.png","url":"https:\/\/alcantara.pro.br\/portal\/wp-content\/uploads\/2025\/06\/cropped-logo-quadrada-nova-1.png","contentUrl":"https:\/\/alcantara.pro.br\/portal\/wp-content\/uploads\/2025\/06\/cropped-logo-quadrada-nova-1.png","width":512,"height":512,"caption":"Alexandre Alcantara"},"logo":{"@id":"https:\/\/alcantara.pro.br\/portal\/wp-content\/uploads\/2025\/06\/cropped-logo-quadrada-nova-1.png"}}]}},"_links":{"self":[{"href":"https:\/\/alcantara.pro.br\/portal\/wp-json\/wp\/v2\/pages\/1613","targetHints":{"allow":["GET"]}}],"collection":[{"href":"https:\/\/alcantara.pro.br\/portal\/wp-json\/wp\/v2\/pages"}],"about":[{"href":"https:\/\/alcantara.pro.br\/portal\/wp-json\/wp\/v2\/types\/page"}],"author":[{"embeddable":true,"href":"https:\/\/alcantara.pro.br\/portal\/wp-json\/wp\/v2\/users\/1"}],"replies":[{"embeddable":true,"href":"https:\/\/alcantara.pro.br\/portal\/wp-json\/wp\/v2\/comments?post=1613"}],"version-history":[{"count":0,"href":"https:\/\/alcantara.pro.br\/portal\/wp-json\/wp\/v2\/pages\/1613\/revisions"}],"wp:featuredmedia":[{"embeddable":true,"href":"https:\/\/alcantara.pro.br\/portal\/wp-json\/"}],"wp:attachment":[{"href":"https:\/\/alcantara.pro.br\/portal\/wp-json\/wp\/v2\/media?parent=1613"}],"curies":[{"name":"wp","href":"https:\/\/api.w.org\/{rel}","templated":true}]}}