{"id":14390,"date":"2025-06-22T20:50:21","date_gmt":"2025-06-22T20:50:21","guid":{"rendered":"https:\/\/alcantara.pro.br\/portal\/?page_id=14390"},"modified":"2025-06-22T20:54:05","modified_gmt":"2025-06-22T20:54:05","slug":"portfolio-2025-2","status":"publish","type":"page","link":"https:\/\/alcantara.pro.br\/portal\/portfolio-2025-2\/","title":{"rendered":"Portf\u00f3lio 2025.2"},"content":{"rendered":"<p>&nbsp;<\/p>\n<style>\n        * {<br \/>\n            margin: 0;<br \/>\n            padding: 0;<br \/>\n            box-sizing: border-box;<br \/>\n        }<\/p>\n<p>        body {<br \/>\n            font-family: 'Arial', sans-serif;<br \/>\n            line-height: 1.6;<br \/>\n            color: #333;<br \/>\n            background: linear-gradient(135deg, #667eea 0%, #764ba2 100%);<br \/>\n            min-height: 100vh;<br \/>\n        }<\/p>\n<p>        .container {<br \/>\n            max-width: 1200px;<br \/>\n            margin: 0 auto;<br \/>\n            padding: 20px;<br \/>\n        }<\/p>\n<p>        .header {<br \/>\n            text-align: center;<br \/>\n            padding: 40px 0;<br \/>\n            color: white;<br \/>\n            margin-bottom: 30px;<br \/>\n        }<\/p>\n<p>        .header h1 {<br \/>\n            font-size: 3rem;<br \/>\n            margin-bottom: 10px;<br \/>\n            text-shadow: 2px 2px 4px rgba(0,0,0,0.3);<br \/>\n            animation: fadeInUp 1s ease-out;<br \/>\n        }<\/p>\n<p>        .header .subtitle {<br \/>\n            font-size: 1.2rem;<br \/>\n            opacity: 0.9;<br \/>\n            animation: fadeInUp 1s ease-out 0.3s backwards;<br \/>\n        }<\/p>\n<p>        .courses-grid {<br \/>\n            display: grid;<br \/>\n            grid-template-columns: repeat(auto-fit, minmax(350px, 1fr));<br \/>\n            gap: 30px;<br \/>\n            margin-bottom: 50px;<br \/>\n        }<\/p>\n<p>        .course-card {<br \/>\n            background: rgba(255, 255, 255, 0.95);<br \/>\n            border-radius: 20px;<br \/>\n            padding: 30px;<br \/>\n            box-shadow: 0 20px 40px rgba(0,0,0,0.1);<br \/>\n            backdrop-filter: blur(10px);<br \/>\n            border: 1px solid rgba(255,255,255,0.2);<br \/>\n            transition: all 0.3s ease;<br \/>\n            animation: fadeInUp 0.6s ease-out;<br \/>\n            position: relative;<br \/>\n            overflow: hidden;<br \/>\n        }<\/p>\n<p>        .course-card::before {<br \/>\n            content: '';<br \/>\n            position: absolute;<br \/>\n            top: 0;<br \/>\n            left: 0;<br \/>\n            right: 0;<br \/>\n            height: 4px;<br \/>\n            background: linear-gradient(90deg, #667eea, #764ba2);<br \/>\n            transform: scaleX(0);<br \/>\n            transition: transform 0.3s ease;<br \/>\n        }<\/p>\n<p>        .course-card:hover::before {<br \/>\n            transform: scaleX(1);<br \/>\n        }<\/p>\n<p>        .course-card:hover {<br \/>\n            transform: translateY(-10px);<br \/>\n            box-shadow: 0 30px 60px rgba(0,0,0,0.15);<br \/>\n        }<\/p>\n<p>        .course-icon {<br \/>\n            font-size: 2.5rem;<br \/>\n            margin-bottom: 15px;<br \/>\n            display: block;<br \/>\n        }<\/p>\n<p>        .course-title {<br \/>\n            font-size: 1.4rem;<br \/>\n            color: #2c3e50;<br \/>\n            margin-bottom: 15px;<br \/>\n            font-weight: bold;<br \/>\n        }<\/p>\n<p>        .course-level {<br \/>\n            display: inline-block;<br \/>\n            background: linear-gradient(45deg, #667eea, #764ba2);<br \/>\n            color: white;<br \/>\n            padding: 5px 15px;<br \/>\n            border-radius: 20px;<br \/>\n            font-size: 0.8rem;<br \/>\n            margin-bottom: 15px;<br \/>\n            font-weight: bold;<br \/>\n        }<\/p>\n<p>        .course-description {<br \/>\n            color: #666;<br \/>\n            margin-bottom: 20px;<br \/>\n            line-height: 1.6;<br \/>\n        }<\/p>\n<p>        .course-features {<br \/>\n            list-style: none;<br \/>\n            margin-bottom: 20px;<br \/>\n        }<\/p>\n<p>        .course-features li {<br \/>\n            padding: 5px 0;<br \/>\n            color: #555;<br \/>\n            display: flex;<br \/>\n            align-items: center;<br \/>\n        }<\/p>\n<p>        .course-features li::before {<br \/>\n            content: '\u2713';<br \/>\n            color: #27ae60;<br \/>\n            font-weight: bold;<br \/>\n            margin-right: 10px;<br \/>\n        }<\/p>\n<p>        .btn {<br \/>\n            background: linear-gradient(45deg, #667eea, #764ba2);<br \/>\n            color: white;<br \/>\n            border: none;<br \/>\n            padding: 12px 25px;<br \/>\n            border-radius: 25px;<br \/>\n            cursor: pointer;<br \/>\n            font-weight: bold;<br \/>\n            transition: all 0.3s ease;<br \/>\n            text-decoration: none;<br \/>\n            display: inline-block;<br \/>\n            text-align: center;<br \/>\n        }<\/p>\n<p>        .btn:hover {<br \/>\n            transform: translateY(-2px);<br \/>\n            box-shadow: 0 10px 20px rgba(0,0,0,0.2);<br \/>\n        }<\/p>\n<p>        .contact-section {<br \/>\n            background: rgba(255, 255, 255, 0.95);<br \/>\n            border-radius: 20px;<br \/>\n            padding: 40px;<br \/>\n            text-align: center;<br \/>\n            box-shadow: 0 20px 40px rgba(0,0,0,0.1);<br \/>\n            backdrop-filter: blur(10px);<br \/>\n            animation: fadeInUp 0.6s ease-out;<br \/>\n        }<\/p>\n<p>        .contact-section h2 {<br \/>\n            color: #2c3e50;<br \/>\n            margin-bottom: 20px;<br \/>\n            font-size: 2rem;<br \/>\n        }<\/p>\n<p>        .contact-info {<br \/>\n            display: flex;<br \/>\n            justify-content: center;<br \/>\n            gap: 30px;<br \/>\n            flex-wrap: wrap;<br \/>\n            margin-top: 20px;<br \/>\n        }<\/p>\n<p>        .contact-item {<br \/>\n            display: flex;<br \/>\n            align-items: center;<br \/>\n            gap: 10px;<br \/>\n            color: #555;<br \/>\n            text-decoration: none;<br \/>\n            transition: color 0.3s ease;<br \/>\n        }<\/p>\n<p>        .contact-item:hover {<br \/>\n            color: #667eea;<br \/>\n        }<\/p>\n<p>        @keyframes fadeInUp {<br \/>\n            from {<br \/>\n                opacity: 0;<br \/>\n                transform: translateY(30px);<br \/>\n            }<br \/>\n            to {<br \/>\n                opacity: 1;<br \/>\n                transform: translateY(0);<br \/>\n            }<br \/>\n        }<\/p>\n<p>        .stats {<br \/>\n            display: grid;<br \/>\n            grid-template-columns: repeat(auto-fit, minmax(200px, 1fr));<br \/>\n            gap: 20px;<br \/>\n            margin: 40px 0;<br \/>\n        }<\/p>\n<p>        .stat-card {<br \/>\n            background: rgba(255, 255, 255, 0.1);<br \/>\n            padding: 20px;<br \/>\n            border-radius: 15px;<br \/>\n            text-align: center;<br \/>\n            color: white;<br \/>\n            backdrop-filter: blur(10px);<br \/>\n        }<\/p>\n<p>        .stat-number {<br \/>\n            font-size: 2.5rem;<br \/>\n            font-weight: bold;<br \/>\n            display: block;<br \/>\n        }<\/p>\n<p>        .stat-label {<br \/>\n            font-size: 0.9rem;<br \/>\n            opacity: 0.8;<br \/>\n        }<\/p>\n<p>        @media (max-width: 768px) {<br \/>\n            .header h1 {<br \/>\n                font-size: 2rem;<br \/>\n            }<\/p>\n<p>            .courses-grid {<br \/>\n                grid-template-columns: 1fr;<br \/>\n            }<\/p>\n<p>            .contact-info {<br \/>\n                flex-direction: column;<br \/>\n                gap: 15px;<br \/>\n            }<br \/>\n        }<br \/>\n    <\/style>\n<p>&nbsp;<\/p>\n<div class=\"container\">\n<div class=\"header\">\n<div id=\"ez-toc-container\" class=\"ez-toc-v2_0_82_2 counter-hierarchy ez-toc-counter ez-toc-grey ez-toc-container-direction\">\n<div class=\"ez-toc-title-container\">\n<p class=\"ez-toc-title\" style=\"cursor:inherit\">\u00cdndice<\/p>\n<span class=\"ez-toc-title-toggle\"><a href=\"#\" class=\"ez-toc-pull-right ez-toc-btn ez-toc-btn-xs ez-toc-btn-default ez-toc-toggle\" aria-label=\"Alternar tabela de conte\u00fado\"><span class=\"ez-toc-js-icon-con\"><span class=\"\"><span class=\"eztoc-hide\" style=\"display:none;\">Toggle<\/span><span class=\"ez-toc-icon-toggle-span\"><svg style=\"fill: #999;color:#999\" xmlns=\"http:\/\/www.w3.org\/2000\/svg\" class=\"list-377408\" width=\"20px\" height=\"20px\" viewBox=\"0 0 24 24\" fill=\"none\"><path d=\"M6 6H4v2h2V6zm14 0H8v2h12V6zM4 11h2v2H4v-2zm16 0H8v2h12v-2zM4 16h2v2H4v-2zm16 0H8v2h12v-2z\" fill=\"currentColor\"><\/path><\/svg><svg style=\"fill: #999;color:#999\" class=\"arrow-unsorted-368013\" xmlns=\"http:\/\/www.w3.org\/2000\/svg\" width=\"10px\" height=\"10px\" viewBox=\"0 0 24 24\" version=\"1.2\" baseProfile=\"tiny\"><path d=\"M18.2 9.3l-6.2-6.3-6.2 6.3c-.2.2-.3.4-.3.7s.1.5.3.7c.2.2.4.3.7.3h11c.3 0 .5-.1.7-.3.2-.2.3-.5.3-.7s-.1-.5-.3-.7zM5.8 14.7l6.2 6.3 6.2-6.3c.2-.2.3-.5.3-.7s-.1-.5-.3-.7c-.2-.2-.4-.3-.7-.3h-11c-.3 0-.5.1-.7.3-.2.2-.3.5-.3.7s.1.5.3.7z\"\/><\/svg><\/span><\/span><\/span><\/a><\/span><\/div>\n<nav><ul class='ez-toc-list ez-toc-list-level-1 ' ><li class='ez-toc-page-1 ez-toc-heading-level-1'><a class=\"ez-toc-link ez-toc-heading-1\" href=\"https:\/\/alcantara.pro.br\/portal\/portfolio-2025-2\/#Alcantara_Educacional\" >Alcantara Educacional<\/a><ul class='ez-toc-list-level-3' ><li class='ez-toc-heading-level-3'><ul class='ez-toc-list-level-3' ><li class='ez-toc-heading-level-3'><a class=\"ez-toc-link ez-toc-heading-2\" href=\"https:\/\/alcantara.pro.br\/portal\/portfolio-2025-2\/#Auditoria_Contabil_Tributaria_%E2%80%93_Basico\" >Auditoria Cont\u00e1bil Tribut\u00e1ria &#8211; B\u00e1sico<\/a><\/li><li class='ez-toc-page-1 ez-toc-heading-level-3'><a class=\"ez-toc-link ez-toc-heading-3\" href=\"https:\/\/alcantara.pro.br\/portal\/portfolio-2025-2\/#Auditoria_Contabil_Tributaria_%E2%80%93_Intermediario\" >Auditoria Cont\u00e1bil Tribut\u00e1ria &#8211; Intermedi\u00e1rio<\/a><\/li><li class='ez-toc-page-1 ez-toc-heading-level-3'><a class=\"ez-toc-link ez-toc-heading-4\" href=\"https:\/\/alcantara.pro.br\/portal\/portfolio-2025-2\/#Oficina_Avancada_de_Auditoria\" >Oficina Avan\u00e7ada de Auditoria<\/a><\/li><li class='ez-toc-page-1 ez-toc-heading-level-3'><a class=\"ez-toc-link ez-toc-heading-5\" href=\"https:\/\/alcantara.pro.br\/portal\/portfolio-2025-2\/#Fraudes_Contabeis_do_ICMS_nos_Tribunais\" >Fraudes Cont\u00e1beis do ICMS nos Tribunais<\/a><\/li><li class='ez-toc-page-1 ez-toc-heading-level-3'><a class=\"ez-toc-link ez-toc-heading-6\" href=\"https:\/\/alcantara.pro.br\/portal\/portfolio-2025-2\/#Escrituracao_Contabil_Essencial\" >Escritura\u00e7\u00e3o Cont\u00e1bil Essencial<\/a><\/li><li class='ez-toc-page-1 ez-toc-heading-level-3'><a class=\"ez-toc-link ez-toc-heading-7\" href=\"https:\/\/alcantara.pro.br\/portal\/portfolio-2025-2\/#Presuncoes_de_Omissao_no_IBS\" >Presun\u00e7\u00f5es de Omiss\u00e3o no IBS<\/a><\/li><\/ul><\/li><li class='ez-toc-page-1 ez-toc-heading-level-2'><a class=\"ez-toc-link ez-toc-heading-8\" href=\"https:\/\/alcantara.pro.br\/portal\/portfolio-2025-2\/#Entre_em_Contato\" >Entre em Contato<\/a><\/li><\/ul><\/li><\/ul><\/nav><\/div>\n<h1><span class=\"ez-toc-section\" id=\"Alcantara_Educacional\"><\/span>Alcantara Educacional<span class=\"ez-toc-section-end\"><\/span><\/h1>\n<p class=\"subtitle\">Portf\u00f3lio de Cursos &#8211; Auditoria Tribut\u00e1ria | 2025 &#8211; 2\u00ba Semestre<\/p>\n<div class=\"stats\">\n<div class=\"stat-card\"><span class=\"stat-number\">6<\/span><br \/>\n<span class=\"stat-label\">Cursos Especializados<\/span><\/div>\n<div class=\"stat-card\"><span class=\"stat-number\">100%<\/span><br \/>\n<span class=\"stat-label\">Foco Pr\u00e1tico<\/span><\/div>\n<div class=\"stat-card\"><span class=\"stat-number\">+<\/span><br \/>\n<span class=\"stat-label\">Expertise Reconhecida<\/span><\/div>\n<\/div>\n<\/div>\n<div class=\"courses-grid\">\n<div class=\"course-card\"><span class=\"course-icon\">\ud83d\udd0d<\/span><\/p>\n<h3 class=\"course-title\"><span class=\"ez-toc-section\" id=\"Auditoria_Contabil_Tributaria_%E2%80%93_Basico\"><\/span>Auditoria Cont\u00e1bil Tribut\u00e1ria &#8211; B\u00e1sico<span class=\"ez-toc-section-end\"><\/span><\/h3>\n<p><span class=\"course-level\">Iniciante<\/span><\/p>\n<p class=\"course-description\">Descubra como identificar fraudes cont\u00e1beis e recuperar cr\u00e9ditos tribut\u00e1rios! Conhecimento essencial sobre ECD e t\u00e9cnicas de auditoria cont\u00e1bil.<\/p>\n<ul class=\"course-features\">\n<li>Escritura\u00e7\u00e3o Cont\u00e1bil Digital (ECD)<\/li>\n<li>T\u00e9cnicas de auditoria ICMS e ISSQN<\/li>\n<li>Ferramentas modernas de auditoria<\/li>\n<li>M\u00e9todo pr\u00e1tico e din\u00e2mico<\/li>\n<\/ul>\n<p><button class=\"btn\">Saiba Mais<\/button><\/p>\n<\/div>\n<div class=\"course-card\"><span class=\"course-icon\">\ud83d\udcca<\/span><\/p>\n<h3 class=\"course-title\"><span class=\"ez-toc-section\" id=\"Auditoria_Contabil_Tributaria_%E2%80%93_Intermediario\"><\/span>Auditoria Cont\u00e1bil Tribut\u00e1ria &#8211; Intermedi\u00e1rio<span class=\"ez-toc-section-end\"><\/span><\/h3>\n<p><span class=\"course-level\">Intermedi\u00e1rio<\/span><\/p>\n<p class=\"course-description\">Aprofunde seus conhecimentos e aumente a efic\u00e1cia da sua auditoria! T\u00e9cnicas avan\u00e7adas para an\u00e1lise de documentos fiscais.<\/p>\n<ul class=\"course-features\">\n<li>T\u00e9cnicas avan\u00e7adas de auditoria<\/li>\n<li>An\u00e1lise de documentos fiscais<\/li>\n<li>Rastreamento de fraudes<\/li>\n<li>Mini oficina pr\u00e1tica<\/li>\n<\/ul>\n<p><button class=\"btn\">Saiba Mais<\/button><\/p>\n<\/div>\n<div class=\"course-card\"><span class=\"course-icon\">\ud83d\ude80<\/span><\/p>\n<h3 class=\"course-title\"><span class=\"ez-toc-section\" id=\"Oficina_Avancada_de_Auditoria\"><\/span>Oficina Avan\u00e7ada de Auditoria<span class=\"ez-toc-section-end\"><\/span><\/h3>\n<p><span class=\"course-level\">Avan\u00e7ado<\/span><\/p>\n<p class=\"course-description\">Simule auditorias reais e fortale\u00e7a sua expertise! Experi\u00eancia imersiva com simula\u00e7\u00e3o realista de fiscaliza\u00e7\u00e3o cont\u00e1bil.<\/p>\n<ul class=\"course-features\">\n<li>Simula\u00e7\u00e3o realista de auditoria<\/li>\n<li>Casos pr\u00e1ticos de fraude<\/li>\n<li>Metodologia in\u00e9dita<\/li>\n<li>Decis\u00f5es baseadas em evid\u00eancias<\/li>\n<\/ul>\n<p><button class=\"btn\">Saiba Mais<\/button><\/p>\n<\/div>\n<div class=\"course-card\"><span class=\"course-icon\">\u2696\ufe0f<\/span><\/p>\n<h3 class=\"course-title\"><span class=\"ez-toc-section\" id=\"Fraudes_Contabeis_do_ICMS_nos_Tribunais\"><\/span>Fraudes Cont\u00e1beis do ICMS nos Tribunais<span class=\"ez-toc-section-end\"><\/span><\/h3>\n<p><span class=\"course-level\">Especializa\u00e7\u00e3o<\/span><\/p>\n<p class=\"course-description\">Entenda como as fraudes cont\u00e1beis s\u00e3o interpretadas nos tribunais! Vis\u00e3o aprofundada sobre jurisprud\u00eancia e legisla\u00e7\u00e3o.<\/p>\n<ul class=\"course-features\">\n<li>Tipologias de fraudes cont\u00e1beis<\/li>\n<li>Jurisprud\u00eancia relevante<\/li>\n<li>Legisla\u00e7\u00e3o aplicada<\/li>\n<li>Processos fiscais<\/li>\n<\/ul>\n<p><button class=\"btn\">Saiba Mais<\/button><\/p>\n<\/div>\n<div class=\"course-card\"><span class=\"course-icon\">\ud83d\udcd6<\/span><\/p>\n<h3 class=\"course-title\"><span class=\"ez-toc-section\" id=\"Escrituracao_Contabil_Essencial\"><\/span>Escritura\u00e7\u00e3o Cont\u00e1bil Essencial<span class=\"ez-toc-section-end\"><\/span><\/h3>\n<p><span class=\"course-level\">Fundamental<\/span><\/p>\n<p class=\"course-description\">Domine a Escritura\u00e7\u00e3o Cont\u00e1bil Digital! Aprenda sobre obrigatoriedade, leiautes e programas oficiais de auditoria.<\/p>\n<ul class=\"course-features\">\n<li>ECD &#8211; obrigatoriedade e leiautes<\/li>\n<li>Lan\u00e7amentos cont\u00e1beis<\/li>\n<li>Programas PGE e ReceitaNetBX<\/li>\n<li>Abordagem te\u00f3rica e pr\u00e1tica<\/li>\n<\/ul>\n<p><button class=\"btn\">Saiba Mais<\/button><\/p>\n<\/div>\n<div class=\"course-card\"><span class=\"course-icon\">\ud83d\udca1<\/span><\/p>\n<h3 class=\"course-title\"><span class=\"ez-toc-section\" id=\"Presuncoes_de_Omissao_no_IBS\"><\/span>Presun\u00e7\u00f5es de Omiss\u00e3o no IBS<span class=\"ez-toc-section-end\"><\/span><\/h3>\n<p><span class=\"course-level\">Novidade<\/span><\/p>\n<p class=\"course-description\">Aprenda sobre o novo Imposto sobre Bens e Servi\u00e7os! An\u00e1lise in\u00e9dita da Lei Complementar n\u00ba 214\/2025.<\/p>\n<ul class=\"course-features\">\n<li>Novo IBS &#8211; Lei Complementar n\u00ba 214\/2025<\/li>\n<li>Presun\u00e7\u00f5es de omiss\u00e3o de receita<\/li>\n<li>Auditorias cont\u00e1bil tribut\u00e1rias<\/li>\n<li>Conte\u00fado in\u00e9dito<\/li>\n<\/ul>\n<p><button class=\"btn\">Saiba Mais<\/button><\/p>\n<\/div>\n<\/div>\n<div class=\"contact-section\">\n<h2><span class=\"ez-toc-section\" id=\"Entre_em_Contato\"><\/span>Entre em Contato<span class=\"ez-toc-section-end\"><\/span><\/h2>\n<p>Agende uma reuni\u00e3o online com o Professor Alexandre Alcantara para conhecer maiores detalhes sobre cada um dos nossos cursos.<\/p>\n<div class=\"contact-info\"><a class=\"contact-item\" href=\"mailto:al******************@***il.com\"><br \/>\n\ud83d\udce7<br \/>\nE-mail<br \/>\n<\/a><br \/>\n<a class=\"contact-item\" href=\"http:\/\/www.alcantara.pro.br\/\" target=\"_blank\" rel=\"noopener\"><br \/>\n\ud83c\udf10<br \/>\nwww.alcantara.pro.br<br \/>\n<\/a><\/p>\n<div class=\"contact-item\">\ud83d\udcf1<br \/>\nReuni\u00e3o Online<\/div>\n<\/div>\n<div style=\"margin-top: 30px;\"><button class=\"btn\">\ud83d\ude80 Agendar Reuni\u00e3o<\/button><\/div>\n<\/div>\n<\/div>\n<p><script>\n        function showDetails(courseType) {\n            const details = {\n                'basico': 'Curso ideal para auditores que est\u00e3o iniciando na \u00e1rea de auditoria cont\u00e1bil tribut\u00e1ria. Foco na identifica\u00e7\u00e3o de fraudes cont\u00e1beis no \u00e2mbito do ICMS e ISSQN.',\n                'intermediario': 'Para profissionais que j\u00e1 possuem conhecimento b\u00e1sico em ECD. Aprofundamento em t\u00e9cnicas avan\u00e7adas de auditoria cont\u00e1bil.',\n                'avancado': 'Experi\u00eancia imersiva com simula\u00e7\u00e3o pr\u00e1tica de auditorias reais. Metodologia in\u00e9dita para desenvolvimento de expertise.',\n                'tribunais': 'An\u00e1lise jurisprudencial de fraudes cont\u00e1beis. Ideal para auditores e profissionais do contencioso tribut\u00e1rio.',\n                'escrituracao': 'Dom\u00ednio completo da Escritura\u00e7\u00e3o Cont\u00e1bil Digital. Essencial para auditores fiscais.',\n                'ibs': 'Prepara\u00e7\u00e3o para o novo cen\u00e1rio tribut\u00e1rio com o IBS. Conte\u00fado exclusivo e atualizado.'\n            };<\/p>\n<p>            alert(details[courseType] || 'Informa\u00e7\u00f5es detalhadas do curso dispon\u00edveis em breve!');\n        }<\/p>\n<p>        function scheduleCall() {\n            alert('Redirecionando para agendamento... Em breve voc\u00ea ser\u00e1 contatado para agendar sua reuni\u00e3o com o Professor Alexandre Alcantara!');\n        }<\/p>\n<p>        \/\/ Anima\u00e7\u00e3o de entrada dos cards\n        const cards = document.querySelectorAll('.course-card');\n        cards.forEach((card, index) => {\n            card.style.animationDelay = `${index * 0.1}s`;\n        });<\/p>\n<p>        \/\/ Efeito de paralaxe suave no scroll\n        window.addEventListener('scroll', () => {\n            const scrolled = window.pageYOffset;\n            const rate = scrolled * -0.5;\n            document.body.style.backgroundPosition = `center ${rate}px`;\n        });\n    <\/script><\/p>\n","protected":false},"excerpt":{"rendered":"<p>&nbsp; &nbsp; Alcantara Educacional Portf\u00f3lio de Cursos &#8211; Auditoria Tribut\u00e1ria | 2025 &#8211; 2\u00ba Semestre<\/p>\n","protected":false},"author":1,"featured_media":0,"parent":0,"menu_order":0,"comment_status":"closed","ping_status":"closed","template":"","meta":{"footnotes":""},"class_list":["post-14390","page","type-page","status-publish","hentry"],"_links":{"self":[{"href":"https:\/\/alcantara.pro.br\/portal\/wp-json\/wp\/v2\/pages\/14390","targetHints":{"allow":["GET"]}}],"collection":[{"href":"https:\/\/alcantara.pro.br\/portal\/wp-json\/wp\/v2\/pages"}],"about":[{"href":"https:\/\/alcantara.pro.br\/portal\/wp-json\/wp\/v2\/types\/page"}],"author":[{"embeddable":true,"href":"https:\/\/alcantara.pro.br\/portal\/wp-json\/wp\/v2\/users\/1"}],"replies":[{"embeddable":true,"href":"https:\/\/alcantara.pro.br\/portal\/wp-json\/wp\/v2\/comments?post=14390"}],"version-history":[{"count":4,"href":"https:\/\/alcantara.pro.br\/portal\/wp-json\/wp\/v2\/pages\/14390\/revisions"}],"predecessor-version":[{"id":14394,"href":"https:\/\/alcantara.pro.br\/portal\/wp-json\/wp\/v2\/pages\/14390\/revisions\/14394"}],"wp:attachment":[{"href":"https:\/\/alcantara.pro.br\/portal\/wp-json\/wp\/v2\/media?parent=14390"}],"curies":[{"name":"wp","href":"https:\/\/api.w.org\/{rel}","templated":true}]}}