{"id":44,"date":"2020-02-08T01:42:09","date_gmt":"2020-02-08T01:42:09","guid":{"rendered":"https:\/\/alcantara.pro.br\/analisedebalanco\/?page_id=44"},"modified":"2025-05-15T13:07:48","modified_gmt":"2025-05-15T13:07:48","slug":"balancos-em-geral","status":"publish","type":"page","link":"https:\/\/alcantara.pro.br\/analisedebalanco\/balancos-em-geral\/","title":{"rendered":"Balan\u00e7os"},"content":{"rendered":"<h2 style=\"font-weight: 400; text-align: left;\"><span style=\"color: #0000ff;\"><strong>Onde obter a \u00edntegra de Demonstra\u00e7\u00f5es Financeiras de companhias brasileiras<\/strong><\/span><\/h2>\n<ul style=\"font-weight: 400;\">\n<li><a href=\"http:\/\/www.b3.com.br\/pt_br\/produtos-e-servicos\/negociacao\/renda-variavel\/empresas-listadas.htm\" target=\"_blank\" rel=\"noopener\">Portal B3 (Bolsa de Valores SP)<\/a><\/li>\n<li><a href=\"http:\/\/cvmweb.cvm.gov.br\/SWB\/Sistemas\/SCW\/CPublica\/CiaAb\/FormBuscaCiaAb.aspx?TipoConsult=c\" target=\"_blank\" rel=\"noopener\">Portal CVM<\/a><\/li>\n<li><a href=\"http:\/\/dados.cvm.gov.br\/\" target=\"_blank\" rel=\"noopener\">Portal Dados Abertos CVM<\/a><\/li>\n<\/ul>\n<h2><strong>Sistema INFCAB (Informa\u00e7\u00f5es Financeiras das Companhias Abertas Brasileiras)<\/strong><\/h2>\n<ul>\n<li><a href=\"https:\/\/alcantara.shinyapps.io\/analise_setorial_dev\/\" target=\"_blank\" rel=\"noopener\">Acesso ao sistema INFCAB<\/a><\/li>\n<\/ul>\n<p>As instru\u00e7\u00f5es de login\/senha s\u00e3o fornecidas em sala de aula<\/p>\n<h2 style=\"font-weight: 400;\"><span style=\"color: #0000ff;\"><strong>Fornecedores de dados no Brasil<\/strong><\/span><\/h2>\n<table style=\"width: 100%;\">\n<tbody>\n<tr>\n<td style=\"width: 24.8438%;\" width=\"127\"><a href=\"https:\/\/br.advfn.com\/\" target=\"_blank\" rel=\"noopener\">Advfn<\/a><\/td>\n<td style=\"width: 8.4375%;\"><\/td>\n<td style=\"width: 66.5625%;\" width=\"1676\">Portal com diversas informa\u00e7\u00f5es de empresas com a\u00e7\u00f5es negociadas na Bolsa de Valores<\/td>\n<\/tr>\n<tr>\n<td style=\"width: 24.8438%;\" width=\"127\"><\/td>\n<td style=\"width: 8.4375%;\"><\/td>\n<td style=\"width: 66.5625%;\" width=\"1676\"><\/td>\n<\/tr>\n<tr>\n<td style=\"width: 24.8438%;\" width=\"127\"><a href=\"https:\/\/br.investing.com\/equities\" target=\"_blank\" rel=\"noopener\">BR Investing<\/a><\/td>\n<td style=\"width: 8.4375%;\"><\/td>\n<td style=\"width: 66.5625%;\" width=\"1676\">Portal com diversas informa\u00e7\u00f5es de empresas com a\u00e7\u00f5es negociadas na Bolsa de Valores<\/td>\n<\/tr>\n<tr>\n<td style=\"width: 24.8438%;\" width=\"127\"><\/td>\n<td style=\"width: 8.4375%;\"><\/td>\n<td style=\"width: 66.5625%;\" width=\"1676\"><\/td>\n<\/tr>\n<tr>\n<td style=\"width: 24.8438%;\" width=\"127\"><a href=\"http:\/\/www.economatica.com\/\" target=\"_blank\" rel=\"noopener\">Economatica<\/a><\/td>\n<td style=\"width: 8.4375%;\"><strong>:<\/strong><\/td>\n<td style=\"width: 66.5625%;\" width=\"1676\">A base de dados do sistema inclui informa\u00e7\u00f5es sobre todas as empresas listadas em bolsa dos Estados Unidos, Brasil e de v\u00e1rios pa\u00edses. O usu\u00e1rio pode contratar a base de dados completa ou incluir somente o(s) pa\u00eds(es) de interesse do mesmo.\u00a0<a href=\"http:\/\/www.economatica.com\/support\">Manual do sistema<\/a><\/p>\n<p>A base de dados constitui-se de hist\u00f3rico de v\u00e1rios anos de: demonstrativos financeiros trimestrais; cota\u00e7\u00f5es di\u00e1rias das a\u00e7\u00f5es; proventos (dividendos, splits etc.); nome e participa\u00e7\u00e3o dos principais acionistas. Sobre a base de dados o sistema calcula indicadores de v\u00e1rios tipos: Indicadores financeiros (Rentabilidade s\/ PL, endividamento etc.); Indicadores fundamentalistas (P\/L, EV\/Ebitda, dividend yield etc.); Indicadores estat\u00edsticos (beta, volatilidade, liquidez, sharpe etc.) e Indicadores de an\u00e1lise gr\u00e1fica (IFR, stocastico, bollinger etc.).<\/p>\n<p>Conta com m\u00f3dulo de an\u00e1lises de empresas pelo m\u00e9todo Fluxo de Caixa descontado, opcionalmente podem ser fornecidos os m\u00f3dulos de Markowitz (otimiza\u00e7\u00e3o de carteiras) e de Opera\u00e7\u00f5es Long And Short.<\/p>\n<p>O sistema permite elabora\u00e7\u00e3o de estudos setoriais de balan\u00e7os e indicadores financeiros entre os diversos pa\u00edses acompanhados pela Economatica.<\/p>\n<p>Os dados podem ser exportados para aplicativos de planilhas eletr\u00f4nicas.<\/td>\n<\/tr>\n<tr>\n<td style=\"width: 24.8438%;\" width=\"127\"><\/td>\n<td style=\"width: 8.4375%;\"><\/td>\n<td style=\"width: 66.5625%;\" width=\"1676\"><\/td>\n<\/tr>\n<tr>\n<td style=\"width: 24.8438%;\" width=\"127\"><a href=\"http:\/\/www.fundamentus.com.br\/\" target=\"_blank\" rel=\"noopener\">Fundamentus<\/a><\/td>\n<td style=\"width: 8.4375%;\">:<\/td>\n<td style=\"width: 66.5625%;\" width=\"1676\">Disponibiliza informa\u00e7\u00f5es financeiras e fundamentalistas das empresas com a\u00e7\u00f5es listadas na Bovespa. Ap\u00f3s a escolha da empresa desejada, o usu\u00e1rio ter\u00e1 acesso aos dados da an\u00e1lise fundamentalista, gr\u00e1ficos e hist\u00f3rico das cota\u00e7\u00f5es das a\u00e7\u00f5es da mesma, al\u00e9m de poder realizar download do Balan\u00e7o e Demonstra\u00e7\u00e3o do Resultado em formato de planilha eletr\u00f4nica. A op\u00e7\u00e3o de busca avan\u00e7ada permite filtrar empresas indicando valores m\u00ednimos e m\u00e1ximos dos dados dispon\u00edveis na base de dados. Possibilita exportar os dados para Excel.<\/td>\n<\/tr>\n<tr>\n<td style=\"width: 24.8438%;\" width=\"127\"><\/td>\n<td style=\"width: 8.4375%;\"><\/td>\n<td style=\"width: 66.5625%;\" width=\"1676\"><\/td>\n<\/tr>\n<tr>\n<td style=\"width: 24.8438%;\"><a href=\"https:\/\/www.investsite.com.br\/\" target=\"_blank\" rel=\"noopener\">Investsite<\/a><\/td>\n<td style=\"width: 8.4375%;\">:<\/td>\n<td style=\"width: 66.5625%;\">O site disponibiliza in\u00fameras informa\u00e7\u00f5es das companhias abertas brasileiras, al\u00e9m das demonstra\u00e7\u00f5es cont\u00e1beis padronizadas.\u00a0 A exemplo de: \u00cdndices Gerais do Mercado de A\u00e7\u00f5es; \u00cdndices Setoriais do Mercado de A\u00e7\u00f5es; Gr\u00e1ficos; Indicadores Fundamentalistas, dentre outros<\/td>\n<\/tr>\n<tr>\n<td style=\"width: 24.8438%;\"><\/td>\n<td style=\"width: 8.4375%;\"><\/td>\n<td style=\"width: 66.5625%;\"><\/td>\n<\/tr>\n<tr>\n<td style=\"width: 24.8438%;\" width=\"127\"><a href=\"http:\/\/www.lafis.com.br\/\" target=\"_blank\" rel=\"noopener\">Lafis<\/a><\/td>\n<td style=\"width: 8.4375%;\"><strong>:<\/strong><\/td>\n<td style=\"width: 66.5625%;\" width=\"1676\">A empresa oferece, entre v\u00e1rios servi\u00e7os, a An\u00e1lise de Mercado com informa\u00e7\u00f5es de mais de 80 setores e segmentos da economia brasileira. Os dados passam, segundo a empresa, por atualiza\u00e7\u00f5es di\u00e1rias, trimestrais e semestrais. Entre os principais conte\u00fados desse servi\u00e7o destacam-se: estrutura de cada setor econ\u00f4mico no Brasil e no mundo, an\u00e1lise setorial contendo informa\u00e7\u00f5es detalhadas sobre investimento e desempenho das principais empresas do setor, indicadores macroecon\u00f4micos, indicadores setoriais, principais indicadores econ\u00f4mico-financeiros, trazendo ainda dados cadastrais, aspectos societ\u00e1rios, hist\u00f3ricos, informa\u00e7\u00f5es quanto \u00e0 produ\u00e7\u00e3o e mercado setorial, e investimentos.<\/p>\n<p>A base de dados \u00e9 composta dos Balan\u00e7os Patrimoniais e Demonstra\u00e7\u00f5es de Resultados, de empresas de capital aberto (desde 1989) e de empresas de capital fechado (desde 2000) de forma simplificada com v\u00e1rias op\u00e7\u00f5es de visualiza\u00e7\u00e3o.<\/td>\n<\/tr>\n<tr>\n<td style=\"width: 24.8438%;\" width=\"127\"><\/td>\n<td style=\"width: 8.4375%;\"><\/td>\n<td style=\"width: 66.5625%;\" width=\"1676\"><\/td>\n<\/tr>\n<tr>\n<td style=\"width: 24.8438%;\" width=\"127\"><a href=\"https:\/\/valor.globo.com\/valor-data\/\" target=\"_blank\" rel=\"noopener\">Valor Data<\/a><\/td>\n<td style=\"width: 8.4375%;\"><strong>:<\/strong><\/td>\n<td style=\"width: 66.5625%;\" width=\"1676\">O Valor Data \u00e9 um grande reposit\u00f3rio de dados de companhias abertas brasileiras.<\/td>\n<\/tr>\n<tr>\n<td style=\"width: 24.8438%;\" width=\"127\"><\/td>\n<td style=\"width: 8.4375%;\"><\/td>\n<td style=\"width: 66.5625%;\" width=\"1676\"><\/td>\n<\/tr>\n<tr>\n<td style=\"width: 24.8438%;\" width=\"127\"><a href=\"https:\/\/valor.globo.com\/valor-ri\/\" target=\"_blank\" rel=\"noopener\">Valor Econ\u00f4mico RI<\/a><\/td>\n<td style=\"width: 8.4375%;\"><\/td>\n<td style=\"width: 66.5625%;\" width=\"1676\">O site disponibiliza gratuitamente para download as demonstra\u00e7\u00f5es financeiras de empresas que foram publicadas no jornal, bem como sele\u00e7\u00e3o de mat\u00e9rias publicadas sobre a mesma.<\/td>\n<\/tr>\n<tr>\n<td style=\"width: 24.8438%;\" width=\"127\"><a href=\"https:\/\/www.valor.com.br\/valor1000\/2019\/ranking1000maiores\/Com%C3%A9rcio_Varejista\" target=\"_blank\" rel=\"noopener\">Valor Econ\u00f4mico Indicadores<\/a><\/td>\n<td style=\"width: 8.4375%;\"><\/td>\n<td style=\"width: 66.5625%;\" width=\"1676\">RANKING dos Indicadores das 1000 maiores empresas brasileiras<\/td>\n<\/tr>\n<tr>\n<td style=\"width: 24.8438%;\" width=\"127\"><a href=\"https:\/\/www.cialdnb.com\/pt-br\/solucoes-financeiras\/business-information-report\/\" target=\"_blank\" rel=\"noopener\">Dun &amp; Bradstreet<\/a><\/td>\n<td style=\"width: 8.4375%;\"><strong>:<\/strong><\/td>\n<td style=\"width: 66.5625%;\" width=\"1676\">Presente no Brasil desde 1912, oferece servi\u00e7os similares ao da matriz da empresa nos Estados Unidos.<\/td>\n<\/tr>\n<tr>\n<td style=\"width: 24.8438%;\" width=\"127\"><a href=\"https:\/\/www.institutoassaf.com.br\/\" target=\"_blank\" rel=\"noopener\">Instituto Assaf<\/a><\/td>\n<td style=\"width: 8.4375%;\"><strong>:<\/strong><\/td>\n<td style=\"width: 66.5625%;\" width=\"1676\">Compila\u00e7\u00e3o de Indicadores de companhias abertas.<\/td>\n<\/tr>\n<\/tbody>\n<\/table>\n<h2 style=\"font-weight: 400;\"><span style=\"color: #0000ff;\"><strong>Fornecedores de dados financeiros nos Estados Unidos<\/strong><\/span><\/h2>\n<table>\n<tbody>\n<tr>\n<td><a href=\"http:\/\/www.dnb.com\/\" target=\"_blank\" rel=\"noopener\">Dun &amp; Bradstreet<\/a><\/td>\n<td><strong>:<\/strong><\/td>\n<td>(desde 1841): tamb\u00e9m conhecida como D&amp;B, oferece um conjunto muito \u00fatil de relat\u00f3rios nacionais e internacionais com indicadores de risco, voltados especialmente para gerenciamento de risco e de cr\u00e9dito, al\u00e9m de relat\u00f3rios de risco-pa\u00eds e base de dados mundial.<\/td>\n<\/tr>\n<tr>\n<td><\/td>\n<td><\/td>\n<td><\/td>\n<\/tr>\n<tr>\n<td><a href=\"https:\/\/www.rmahq.org\/statementstudies\" target=\"_blank\" rel=\"noopener\">Risk Management Association (RMA)<\/a><\/td>\n<td><strong>:<\/strong><\/td>\n<td>Dentre outros servi\u00e7os, publica anualmente o Financial Ratio Benchmarks.<\/td>\n<\/tr>\n<tr>\n<td><\/td>\n<td><\/td>\n<td><\/td>\n<\/tr>\n<tr>\n<td><a href=\"http:\/\/www.census.gov\/econ\/qfr\" target=\"_blank\" rel=\"noopener\">United States Census Bureau<\/a><\/td>\n<td><strong>:<\/strong><\/td>\n<td>\u00d3rg\u00e3o vinculado ao Departamento de Com\u00e9rcio dos EUA publica o Quarterly Financial Report.<\/td>\n<\/tr>\n<tr>\n<td><\/td>\n<td><\/td>\n<td><\/td>\n<\/tr>\n<tr>\n<td colspan=\"3\"><a href=\"http:\/\/valuationresources.com\/FinancialBenchmarking.htm\" target=\"_blank\" rel=\"noopener\">Colet\u00e2nea de outros servi\u00e7os\u00a0<\/a>nos Estados Unidos<\/td>\n<\/tr>\n<\/tbody>\n<\/table>\n","protected":false},"excerpt":{"rendered":"<p>Onde obter a \u00edntegra de Demonstra\u00e7\u00f5es Financeiras de companhias brasileiras Portal B3 (Bolsa de Valores SP) Portal CVM Portal Dados Abertos CVM Sistema INFCAB (Informa\u00e7\u00f5es Financeiras das Companhias Abertas Brasileiras) Acesso ao sistema INFCAB As instru\u00e7\u00f5es de login\/senha s\u00e3o fornecidas &hellip; <a href=\"https:\/\/alcantara.pro.br\/analisedebalanco\/balancos-em-geral\/\">Continue lendo <span class=\"meta-nav\">&rarr;<\/span><\/a><\/p>\n","protected":false},"author":1,"featured_media":0,"parent":0,"menu_order":0,"comment_status":"closed","ping_status":"closed","template":"","meta":{"footnotes":""},"class_list":["post-44","page","type-page","status-publish","hentry"],"_links":{"self":[{"href":"https:\/\/alcantara.pro.br\/analisedebalanco\/wp-json\/wp\/v2\/pages\/44","targetHints":{"allow":["GET"]}}],"collection":[{"href":"https:\/\/alcantara.pro.br\/analisedebalanco\/wp-json\/wp\/v2\/pages"}],"about":[{"href":"https:\/\/alcantara.pro.br\/analisedebalanco\/wp-json\/wp\/v2\/types\/page"}],"author":[{"embeddable":true,"href":"https:\/\/alcantara.pro.br\/analisedebalanco\/wp-json\/wp\/v2\/users\/1"}],"replies":[{"embeddable":true,"href":"https:\/\/alcantara.pro.br\/analisedebalanco\/wp-json\/wp\/v2\/comments?post=44"}],"version-history":[{"count":25,"href":"https:\/\/alcantara.pro.br\/analisedebalanco\/wp-json\/wp\/v2\/pages\/44\/revisions"}],"predecessor-version":[{"id":475,"href":"https:\/\/alcantara.pro.br\/analisedebalanco\/wp-json\/wp\/v2\/pages\/44\/revisions\/475"}],"wp:attachment":[{"href":"https:\/\/alcantara.pro.br\/analisedebalanco\/wp-json\/wp\/v2\/media?parent=44"}],"curies":[{"name":"wp","href":"https:\/\/api.w.org\/{rel}","templated":true}]}}