{"id":10,"date":"2020-02-08T00:41:25","date_gmt":"2020-02-08T00:41:25","guid":{"rendered":"https:\/\/alcantara.pro.br\/analisedebalanco\/?page_id=10"},"modified":"2025-05-15T13:09:44","modified_gmt":"2025-05-15T13:09:44","slug":"planilhas","status":"publish","type":"page","link":"https:\/\/alcantara.pro.br\/analisedebalanco\/planilhas\/","title":{"rendered":"Planilhas"},"content":{"rendered":"<h2><span style=\"font-size: 20px; color: #0000ff;\"><strong>Planilha An\u00e1lise Financeira <\/strong><\/span><\/h2>\r\n<!-- \/wp:post-content -->\r\n\r\n<!-- wp:paragraph -->\r\n<p style=\"text-align: justify;\">A planilha An\u00e1lise Financeira foi desenvolvida em Excel exclusivamente para fins did\u00e1ticos, contemplando as recentes altera\u00e7\u00f5es na estrutura das demonstra\u00e7\u00f5es cont\u00e1beis introduzidas pelas Leis nos 11.638\/2007 e 11.941\/2009.<\/p>\r\n<!-- \/wp:paragraph -->\r\n\r\n<!-- wp:paragraph -->\r\n<p style=\"text-align: justify;\">A planilha \u00e9 parte integrante do livro <a href=\"https:\/\/alcantara.pro.br\/analisedebalanco\/livroadc\/\"><strong>Estrutura, An\u00e1lise e Interpreta\u00e7\u00e3o das Demonstra\u00e7\u00f5es Cont\u00e1beis<\/strong><\/a>, 5\u00aa edi\u00e7\u00e3o. Atlas, 2017, e o seu manual de utiliza\u00e7\u00e3o consta no Cap\u00edtulo 19.<\/p>\r\n<!-- \/wp:paragraph -->\r\n\r\n<!-- wp:list -->\r\n<ul>\r\n<li><a href=\"https:\/\/alcantara.pro.br\/analisedebalanco\/wp-content\/uploads\/2020\/02\/AnaliseFinanceira_1.0-SemDados.xlsx\" target=\"_blank\" rel=\"noopener noreferrer\">An\u00e1lise Financeira &#8211; Vers\u00e3o 1.0 &#8211; Sem Dados<\/a><\/li>\r\n<li><a href=\"https:\/\/alcantara.pro.br\/analisedebalanco\/wp-content\/uploads\/2020\/02\/AnaliseFinanceira_1.0-CiaLucroCerto.xlsx\" target=\"_blank\" rel=\"noopener noreferrer\">An\u00e1lise Financeira &#8211; Vers\u00e3o 1.0 &#8211; Cia. Lucro Certo<\/a><\/li>\r\n<li><a href=\"https:\/\/alcantara.pro.br\/analisedebalanco\/wp-content\/uploads\/2023\/01\/Papeis-de-trabalho.pdf\" target=\"_blank\" rel=\"noopener\">An\u00e1lise Financeira &#8211; Vers\u00e3o 1.0 &#8211; Pap\u00e9is de trabalho<\/a><\/li>\r\n<\/ul>\r\n<p><strong>Exemplo com dados reais<\/strong><\/p>\r\n<ul>\r\n<li><a href=\"https:\/\/alcantara.pro.br\/analisedebalanco\/wp-content\/uploads\/2025\/05\/AnaliseFinanceira_1.0-RENNER-2024.xlsx\">An\u00e1lise Financeira &#8211; Vers\u00e3o 1.0 &#8211; Lojas Renner &#8211; Exerc\u00edcio Findo em Dez\/2024<\/a><\/li>\r\n<\/ul>\r\n<p><span style=\"color: #ff0000; font-size: 16px;\">Atualizado em 12\/05\/2025<\/span><\/p>\r\n<!-- \/wp:list -->\r\n\r\n<!-- wp:list \/-->","protected":false},"excerpt":{"rendered":"<p>Planilha An\u00e1lise Financeira A planilha An\u00e1lise Financeira foi desenvolvida em Excel exclusivamente para fins did\u00e1ticos, contemplando as recentes altera\u00e7\u00f5es na estrutura das demonstra\u00e7\u00f5es cont\u00e1beis introduzidas pelas Leis nos 11.638\/2007 e 11.941\/2009. A planilha \u00e9 parte integrante do livro Estrutura, An\u00e1lise &hellip; <a href=\"https:\/\/alcantara.pro.br\/analisedebalanco\/planilhas\/\">Continue lendo <span class=\"meta-nav\">&rarr;<\/span><\/a><\/p>\n","protected":false},"author":1,"featured_media":0,"parent":0,"menu_order":0,"comment_status":"closed","ping_status":"closed","template":"","meta":{"footnotes":""},"class_list":["post-10","page","type-page","status-publish","hentry"],"_links":{"self":[{"href":"https:\/\/alcantara.pro.br\/analisedebalanco\/wp-json\/wp\/v2\/pages\/10","targetHints":{"allow":["GET"]}}],"collection":[{"href":"https:\/\/alcantara.pro.br\/analisedebalanco\/wp-json\/wp\/v2\/pages"}],"about":[{"href":"https:\/\/alcantara.pro.br\/analisedebalanco\/wp-json\/wp\/v2\/types\/page"}],"author":[{"embeddable":true,"href":"https:\/\/alcantara.pro.br\/analisedebalanco\/wp-json\/wp\/v2\/users\/1"}],"replies":[{"embeddable":true,"href":"https:\/\/alcantara.pro.br\/analisedebalanco\/wp-json\/wp\/v2\/comments?post=10"}],"version-history":[{"count":41,"href":"https:\/\/alcantara.pro.br\/analisedebalanco\/wp-json\/wp\/v2\/pages\/10\/revisions"}],"predecessor-version":[{"id":477,"href":"https:\/\/alcantara.pro.br\/analisedebalanco\/wp-json\/wp\/v2\/pages\/10\/revisions\/477"}],"wp:attachment":[{"href":"https:\/\/alcantara.pro.br\/analisedebalanco\/wp-json\/wp\/v2\/media?parent=10"}],"curies":[{"name":"wp","href":"https:\/\/api.w.org\/{rel}","templated":true}]}}